5?
3, 5, 26759
List the prime factors of 20903.
20903
List the prime factors of 589662.
2, 3, 17, 41, 47
What are the prime factors of 102348?
2, 3, 2843
List the prime factors of 7737909.
3, 59, 43717
List the prime factors of 576642.
2, 3, 11, 8737
What are the prime factors of 3355075?
5, 43, 3121
What are the prime factors of 83735?
5, 16747
What are the prime factors of 9481352?
2, 61, 19429
What are the prime factors of 547332?
2, 3, 17, 2683
What are the prime factors of 8838242?
2, 7, 193, 3271
List the prime factors of 337090.
2, 5, 13, 2593
List the prime factors of 27675097.
27675097
What are the prime factors of 586589?
586589
List the prime factors of 152150.
2, 5, 17, 179
What are the prime factors of 2510149?
2510149
List the prime factors of 1633275.
3, 5, 7, 17, 61
List the prime factors of 11735012.
2, 2933753
List the prime factors of 1538032.
2, 97, 991
What are the prime factors of 524943?
3, 17, 47, 73
List the prime factors of 365586.
2, 3, 13, 43, 109
List the prime factors of 16649.
16649
What are the prime factors of 461529?
3, 19, 2699
What are the prime factors of 271271?
7, 11, 13, 271
What are the prime factors of 737235?
3, 5, 43, 127
List the prime factors of 17218275.
3, 5, 19, 43, 281
What are the prime factors of 184891?
7, 61, 433
What are the prime factors of 14855324?
2, 11, 31, 10891
List the prime factors of 386512.
2, 7, 17, 29
What are the prime factors of 2147641?
2147641
List the prime factors of 371598.
2, 3, 61933
List the prime factors of 1775196.
2, 3, 5479
What are the prime factors of 198061?
37, 53, 101
List the prime factors of 11452209.
3, 1783, 2141
List the prime factors of 19165679.
13, 1474283
What are the prime factors of 51181?
13, 31, 127
List the prime factors of 262572.
2, 3, 21881
What are the prime factors of 870784?
2, 6803
List the prime factors of 189958.
2, 17, 37, 151
What are the prime factors of 1569232?
2, 7, 14011
What are the prime factors of 5822073?
3, 646897
List the prime factors of 20776901.
53, 67, 5851
List the prime factors of 25089892.
2, 17, 67, 5507
List the prime factors of 31958163.
3, 1249, 2843
What are the prime factors of 1428961?
293, 4877
What are the prime factors of 139510?
2, 5, 7, 1993
List the prime factors of 16098880.
2, 5, 7, 7187
What are the prime factors of 131507?
131507
What are the prime factors of 2125361?
7, 23, 43, 307
List the prime factors of 7792917.
3, 11, 107, 2207
What are the prime factors of 7836646?
2, 3918323
What are the prime factors of 12005166?
2, 3, 61, 32801
What are the prime factors of 177906?
2, 3, 149, 199
List the prime factors of 5577720.
2, 3, 5, 53, 877
List the prime factors of 12385246.
2, 659, 9397
What are the prime factors of 1677234?
2, 3, 13, 21503
What are the prime factors of 764629?
764629
What are the prime factors of 665470?
2, 5, 13, 5119
What are the prime factors of 201750?
2, 3, 5, 269
What are the prime factors of 238787?
89, 2683
What are the prime factors of 115519?
331, 349
What are the prime factors of 48159?
3, 5351
What are the prime factors of 1043230?
2, 5, 104323
List the prime factors of 60822.
2, 3, 31, 109
What are the prime factors of 974710?
2, 5, 11, 8861
List the prime factors of 248103.
3, 1021
What are the prime factors of 853546?
2, 426773
List the prime factors of 303573.
3, 47, 2153
List the prime factors of 8460794.
2, 4230397
List the prime factors of 424824.
2, 3, 31, 571
What are the prime factors of 1065824?
2, 19, 1753
List the prime factors of 2280557.
421, 5417
List the prime factors of 5160516.
2, 3, 43, 73, 137
List the prime factors of 3919173.
3, 1306391
List the prime factors of 2009463.
3, 317, 2113
What are the prime factors of 3320572?
2, 830143
List the prime factors of 4342438.
2, 2171219
List the prime factors of 1908939.
3, 636313
List the prime factors of 26441547.
3, 11, 109, 7351
List the prime factors of 4084828.
2, 11, 17, 43, 127
What are the prime factors of 229695?
3, 5, 15313
List the prime factors of 4396863.
3, 17, 73, 1181
List the prime factors of 3245270.
2, 5, 7, 37, 179
List the prime factors of 1078429.
11, 17, 73, 79
What are the prime factors of 35233207?
59, 373, 1601
List the prime factors of 175037.
113, 1549
List the prime factors of 135592.
2, 17, 997
What are the prime factors of 247493?
37, 6689
What are the prime factors of 74491?
163, 457
What are the prime factors of 655066?
2, 127, 2579
What are the prime factors of 8723966?
2, 4361983
What are the prime factors of 1890509?
1890509
List the prime factors of 548619.
3, 23, 7951
What are the prime factors of 134445?
3, 5, 8963
List the prime factors of 3830388.
2, 3, 37, 8627
List the prime factors of 442456.
2, 7, 7901
List the prime factors of 561097.
561097
List the prime factors of 526671.
3, 139, 421
What are the prime factors of 11795442?
2, 3, 1231, 1597
What are the prime factors of 852415?
5, 170483
What are the prime factors of 27352868?
2, 6838217
List the prime factors of 72925.
5, 2917
What are the prime factors of 18129893?
18129893
What are the prime factors of 9347050?
2, 5, 19, 9839
What are the prime factors of 240597?
3, 7, 19, 67
What are the prime factors of 4458019?
37, 71, 1697
What are the prime factors of 518419?
11, 47129
What are the prime factors of 7681432?
2, 11, 41, 2129
List the prime factors of 3126750.
2, 3, 5, 11, 379
What are the prime factors of 905136?
2, 3, 109, 173
What are the prime factors of 843979?
47, 17957
List the prime factors of 201468.
2, 3, 103, 163
What are the prime factors of 293653?
103, 2851
List the prime factors of 889824.
2, 3, 13, 23, 31
List the prime factors of 1089859.
19, 3019
List the prime factors of 4731662.
2, 13, 13999
What are the prime factors of 220509?
3, 8167
What are the prime factors of 159190?
2, 5, 15919
List the prime factors of 179355.
3, 5, 11, 1087
List the prime factors of 51833.
17, 3049
What are the prime factors of 25468648?
2, 59, 53959
List the prime factors of 6803856.
2, 3, 37, 1277
List the prime factors of 138949.
41, 3389
What are the prime factors of 15708919?
173, 90803
What are the prime factors of 1184625?
3, 5, 13
List the prime factors of 13142.
2, 6571
What are the prime factors of 491837?
491837
List the prime factors of 151288.
2, 18911
What are the prime factors of 46349?
46349
What are the prime factors of 13756769?
13, 81401
List the prime factors of 429741.
3, 13, 3673
List the prime factors of 43556.
2, 10889
What are the prime factors of 3900685?
5, 23, 107, 317
List the prime factors of 676327.
31, 21817
What are the prime factors of 4641863?
4641863
List the prime factors of 4374.
2, 3
List the prime factors of 15279573.
3, 5093191
List the prime factors of 1868647.
11, 257, 661
What are the prime factors of 5031392?
2, 157231
List the prime factors of 27657956.
2, 647, 10687
List the prime factors of 11964232.
2, 7, 23, 1327
List the prime factors of 17159655.
3, 5, 1143977
List the prime factors of 36180345.
3, 5, 2412023
List the prime factors of 1069077.
3, 433, 823
List the prime factors of 268916.
2, 23, 37, 79
List the prime factors of 35231388.
2, 3, 47, 62467
List the prime factors of 32840.
2, 5, 821
List the prime factors of 71185.
5, 23, 619
List the prime factors of 74796.
2, 3, 23, 271
List the prime factors of 21751096.
2, 2718887
List the prime factors of 5928680.
2, 5, 103, 1439
What are the prime factors of 482023?
509, 947
List the prime factors of 26395735.
5, 281, 18787
List the prime factors of 674686.
2, 337343
List the prime factors of 219595.
5, 37, 1187
What are the prime factors of 977386?
2, 71, 6883
List the prime factors of 4657582.
2, 2328791
List the prime factors of 2808700.
2, 5, 28087
List the prime factors of 291778.
2, 23, 6343
What are the prime factors of 5907878?
2, 853, 3463
What are the prime factors of 26884981?
19, 1414999
What are the prime factors of 940974?
2, 3, 31, 5059
List the prime factors of 1292863.
11, 13, 9041
What are the prime factors of 13538491?
47, 288053
List the prime factors of 45056.
2, 11
What are the prime factors of 17646548?
2, 4411637
List the prime factors of 6579737.
131, 50227
What are the prime factors of 1766497?
293, 6029
What are the prime factors of 16280354?
2, 8140177
List the prime fac